{"id":7,"date":"2013-06-08T19:50:17","date_gmt":"2013-06-08T19:50:17","guid":{"rendered":"https:\/\/suzanmehmet.ro\/?page_id=7"},"modified":"2024-02-03T11:45:11","modified_gmt":"2024-02-03T11:45:11","slug":"activitatea-literara","status":"publish","type":"page","link":"https:\/\/suzanmehmet.ro\/?page_id=7","title":{"rendered":"Activitatea literara"},"content":{"rendered":"\n<h1 class=\"wp-block-heading\">&nbsp;<\/h1>\n\n\n<div class=\"wp-block-image\">\n<figure class=\"alignleft size-full\"><a href=\"https:\/\/suzanmehmet.ro\/wp-content\/uploads\/2024\/02\/conversatii-cu-mintea-suzan-mehmet.jpeg\"><img loading=\"lazy\" decoding=\"async\" width=\"211\" height=\"300\" src=\"https:\/\/suzanmehmet.ro\/wp-content\/uploads\/2024\/02\/conversatii-cu-mintea-suzan-mehmet.jpeg\" alt=\"\" class=\"wp-image-2092\"\/><\/a><figcaption class=\"wp-element-caption\"><em>Conversa\u021bii cu mintea mea<\/em>, <em>20<\/em>23<\/figcaption><\/figure><\/div>\n\n\n<h1 class=\"wp-block-heading\">Conversa\u021bii cu mintea mea<\/h1>\n\n\n\n<p class=\"has-text-align-center\"><strong>(2023)<\/strong><\/p>\n\n\n\n<p>Am scris aceste seturi de \u00eentreb\u0103ri de introspec\u021bie, autocunoa\u0219tere \u0219i autoreglare g\u00e2ndindu-m\u0103 la cei care au nevoie de ele. Se poate ca cineva s\u0103 nu aib\u0103 acces sau s\u0103 nu-\u0219i fi g\u0103sit \u00eenc\u0103 terapeutul potrivit, se poate s\u0103 nu se fi g\u00e2ndit c\u0103 are nevoie de unul care s\u0103-l ajute s\u0103 vad\u0103\/s\u0103 se vad\u0103 \u0219i altfel, se poate s\u0103 fi terminat formarea \u00eentr-o scoal\u0103 de terapie, iar fantoma \u00eentreb\u0103rilor nepuse \u00eenc\u0103 s\u0103-l b\u00e2ntuie chinuitor. Se poate orice. A\u0219a c\u0103 am g\u0103sit aceasta variant\u0103 rezonabil\u0103 de ghidaj pentru cei care cred \u0219i decid c\u0103 vor sa fie mai aproape de propriul adev\u0103r. Sunt peste o mie de \u00eentreb\u0103ri la care poate r\u0103spunde oricine.<\/p>\n\n\n\n<p>Aceast\u0103 carte nu este o terapie \u00een sensul clasic al cuv\u00e2ntului, ci un mod de autocunoa\u0219tere asumat. \u0218edin\u021bele de terapie sunt diferite, se muleaz\u0103 pe profilul particular al clientului, iar lucrul \u00een sine se \u00eent\u00e2mpl\u0103 \u00een realitatea acestuia. Din acest motiv l-am numit, \u00een mod adecvat, ghid.<\/p>\n\n\n\n<p>Dorin\u021ba mea este ca orice om s\u0103 aib\u0103 parte de un pic de aten\u021bie, de un pic de claritate, de cunoa\u0219tere \u0219i autocunoa\u0219tere, de \u00eendrumare si ghidaj, ca s\u0103-i fie un pic mai u\u0219or.<br>Deci tot ce ai de f\u0103cut este s\u0103 deschizi o pagina pe gadget-ul t\u0103u preferat sau pur \u0219i simplu s\u0103-\u021bi cumperi un caiet pe care s\u0103 scrii r\u0103spunsurile la aceste \u00eentreb\u0103ri. Este bine ca ele sa fie ceva mai ample, \u0219i nu monosilabice, astfel \u00eenc\u00e2t povestea s\u0103 ating\u0103 profunzimea dorit\u0103.<\/p>\n\n\n\n<h1 class=\"wp-block-heading\">&nbsp;<\/h1>\n\n\n<div class=\"wp-block-image\">\n<figure class=\"alignleft size-full\"><a href=\"https:\/\/suzanmehmet.ro\/wp-content\/uploads\/2024\/02\/sosete-pentru-dupamiaza-suzan-mehmet-resize.png\"><img loading=\"lazy\" decoding=\"async\" width=\"182\" height=\"300\" src=\"https:\/\/suzanmehmet.ro\/wp-content\/uploads\/2024\/02\/sosete-pentru-dupamiaza-suzan-mehmet-resize.png\" alt=\"\" class=\"wp-image-2096\"\/><\/a><figcaption class=\"wp-element-caption\"><em>\u0218osete pentru dup\u0103-amiaz\u0103<\/em>, <em>2023<\/em><\/figcaption><\/figure><\/div>\n\n\n<h1 class=\"wp-block-heading\">&nbsp;<\/h1>\n\n\n\n<h1 class=\"wp-block-heading\">\u0218osete pentru dup\u0103-amiaz\u0103<\/h1>\n\n\n\n<p class=\"has-text-align-center\"><strong>(2023)<\/strong><\/p>\n\n\n\n<p>Secretul este frumuse\u021bea, at\u00e2t. Am citit asta de cur\u00e2nd, \u00eentr-o carte perfect\u0103.<\/p>\n\n\n\n<p>Este suficient s\u0103 m\u0103 g\u00e2ndesc la asta \u0219i simt c\u0103 e chiar a\u0219a. Derulez filmul vie\u021bii \u0219i verific. Apa e frumoas\u0103, v\u00e2ntul, z\u00e2mbetele oamenilor, soarele c\u00e2nd vine pe cer \u0219i c\u00e2nd apune, muntele \u0219i z\u0103pada de pe culmi, sunetul muzicii, dansul, da, p\u0103rul meu, c\u00e2nd st\u0103 cum vreau, m\u00e2inile tinere ale mamei, picturile care m\u0103 las\u0103 f\u0103r\u0103 respira\u021bie, culorile, g\u00e2ndurile de dor \u0219i de recuno\u0219tin\u021b\u0103, \u00eent\u00e2lnirile magice, cuvintele care aduc bucurie, morile de v\u00e2nt, c\u0103r\u021bile, hainele, pietrele, ceasurile, ploile, sunt frumoase \u0219i mersul \u0219i r\u00e2sul colorat, pisicile \u0219i ur\u0219ii Panda, de fapt, cam toate animalele \u0219i p\u0103s\u0103rile \u0219i insectele, lemnul, visul cu ochii deschi\u0219i, iarba, privirile c\u00e2nd m\u0103rturisesc iubire, anotimpurile, simfoniile, cea\u021ba, fiind-ul, pantofii mei, satele, gusturile, aproape totul.<\/p>\n\n\n\n<p>C\u00e2t frumos!\u2026<\/p>\n\n\n\n<h1 class=\"wp-block-heading\">&nbsp;<\/h1>\n\n\n<div class=\"wp-block-image\">\n<figure class=\"alignleft size-full\"><a href=\"https:\/\/suzanmehmet.ro\/wp-content\/uploads\/2024\/02\/resize-Unii-cred-ziua-altii-cred-noaptea-Suzan-Mehmet.jpeg\"><img loading=\"lazy\" decoding=\"async\" width=\"195\" height=\"300\" src=\"https:\/\/suzanmehmet.ro\/wp-content\/uploads\/2024\/02\/resize-Unii-cred-ziua-altii-cred-noaptea-Suzan-Mehmet.jpeg\" alt=\"\" class=\"wp-image-2088\"\/><\/a><figcaption class=\"wp-element-caption\"><em>Unii cred ziua, altii cred noaptea<\/em>, <em>2018<\/em><\/figcaption><\/figure><\/div>\n\n\n<h1 class=\"wp-block-heading\">&nbsp;<\/h1>\n\n\n\n<h1 class=\"wp-block-heading\">Unii cred ziua, altii cred noaptea<\/h1>\n\n\n\n<p class=\"has-text-align-center\"><strong>(2018)<\/strong><\/p>\n\n\n\n<p>C\u00e2nd mi-am ridicat fruntea am sim\u021bit c\u0103 sunt de ne\u00eenvins. \u0218i am \u00een\u021beles c\u0103 orice se \u00eent\u00e2mpl\u0103 \u00een via\u021ba asta este \u00een regul\u0103 a\u0219a cum este. C\u0103 n-am de ce s\u0103 m\u0103 opun. Practic, am \u00een\u021beles c\u0103 trecerea noastr\u0103 nu este prin timp \u0219i nu are nicio leg\u0103tur\u0103 cu spa\u021biul. M\u0103 sim\u021beam bine acolo unde eram, \u00een postura \u00een care m\u0103 aflam, cu g\u00e2ndurile pe care le primeam \u0219i nu conta deloc cine sunt, ce sunt sau ce am f\u0103cut p\u00e2n\u0103 \u00een momentul \u0103la. A fost vindec\u0103tor&#8230;M\u0103 uitam la t\u0103lpile goale ale celui din fa\u021ba mea \u0219i nu-mi p\u0103sa nici cine e, nici de ce e aici. \u0219i nici m\u0103car c\u0103 avea c\u0103lc\u0103iele cr\u0103pate \u0219i ne\u00eengrijite. Eram to\u021bi una \u0219i aceea\u0219i fiin\u021b\u0103<\/p>\n\n\n\n<h1 class=\"wp-block-heading\">&nbsp;<\/h1>\n\n\n<h1 class=\"wp-block-heading\">&nbsp;<\/h1>\n\n\n<div class=\"wp-block-image\">\n<figure class=\"alignleft\"><a href=\"https:\/\/suzanmehmet.ro\/wp-content\/uploads\/2013\/06\/sophia.jpg\"><img loading=\"lazy\" decoding=\"async\" width=\"193\" height=\"300\" src=\"https:\/\/suzanmehmet.ro\/wp-content\/uploads\/2013\/06\/sophia-193x300.jpg\" alt=\"Sophia, 2013\" class=\"wp-image-78\" srcset=\"https:\/\/suzanmehmet.ro\/wp-content\/uploads\/2013\/06\/sophia-193x300.jpg 193w, https:\/\/suzanmehmet.ro\/wp-content\/uploads\/2013\/06\/sophia-658x1024.jpg 658w, https:\/\/suzanmehmet.ro\/wp-content\/uploads\/2013\/06\/sophia.jpg 738w\" sizes=\"auto, (max-width: 193px) 100vw, 193px\" \/><\/a><figcaption class=\"wp-element-caption\"><em>Sophia, 2013<\/em><\/figcaption><\/figure><\/div>\n\n\n<h1 class=\"wp-block-heading\">&nbsp;<\/h1>\n\n\n\n<h1 class=\"wp-block-heading has-text-align-center\">SOPHIA<\/h1>\n\n\n\n<p class=\"has-text-align-center\"><strong>(2013)<\/strong><\/p>\n\n\n\n<p>Fac parte dintre acei oameni noroco\u0219i care au parte de pove\u0219ti \u0219i \u00eent\u00e2mpl\u0103ri seduc\u0103toare. Fie le tr\u0103iesc eu \u00eens\u0103mi, p\u00e2n\u0103 la epuizare, p\u0103r\u00e2ndu-mi-se, de fiecare dat\u0103,&nbsp;&nbsp;c\u0103 asta e cam tot ce po\u021bi avea, fie le primesc de la al\u021bii, spuse t\u0103r\u0103g\u0103nat, la o cafea b\u0103ut\u0103 cine \u0219tie pe unde, \u00eentr-o zi oarecare. Oricum, dincolo de discurs, esen\u021bial e c\u0103 mi se \u00eent\u00e2mpl\u0103.<\/p>\n\n\n\n<p>A\u0219a a ap\u0103rut \u0219i \u201esophia\u201d, ca din \u00eent\u00e2mplare&#8230; Vorbeam cu o prieten\u0103 bun\u0103 \u0219i \u00eengrozitor de de\u0219teapt\u0103 despre felul \u00een care via\u021ba p\u0103streaz\u0103 p\u00e2n\u0103-n ultima ei secund\u0103 detaliile unor tr\u0103iri care nu \u0219i-au \u00eencheiat \u00eentregul parcurs. Care n-au ars p\u00e2n\u0103 la cap\u0103t, cum se zice. \u0218i-atunci, povestea asta a venit de la sine, adus\u0103 din nou \u00een realitate&nbsp;&nbsp;pe un ton \u00eemp\u0103cat, cu \u00een\u021belepciune. Nu trebuia dec\u00e2t s\u0103 cer voie s-o spun&#8230;<\/p>\n\n\n\n<h1 class=\"wp-block-heading\">&nbsp;<\/h1>\n\n\n\n<h1 class=\"wp-block-heading\">&nbsp;<\/h1>\n\n\n<div class=\"wp-block-image\">\n<figure class=\"alignleft\"><a href=\"https:\/\/suzanmehmet.ro\/wp-content\/uploads\/2013\/06\/vortex.jpg\"><img loading=\"lazy\" decoding=\"async\" width=\"181\" height=\"300\" src=\"https:\/\/suzanmehmet.ro\/wp-content\/uploads\/2013\/06\/vortex-181x300.jpg\" alt=\"Vortex\" class=\"wp-image-79\" srcset=\"https:\/\/suzanmehmet.ro\/wp-content\/uploads\/2013\/06\/vortex-181x300.jpg 181w, https:\/\/suzanmehmet.ro\/wp-content\/uploads\/2013\/06\/vortex-620x1024.jpg 620w\" sizes=\"auto, (max-width: 181px) 100vw, 181px\" \/><\/a><figcaption class=\"wp-element-caption\">Vortex, 2008<\/figcaption><\/figure><\/div>\n\n\n<h1 class=\"wp-block-heading has-text-align-center\">&nbsp;VORTEX<\/h1>\n\n\n\n<p class=\"has-text-align-center\">&nbsp;<strong>(2008)<\/strong><\/p>\n\n\n\n<p>Primul roman, dup\u0103 ce am hot\u0103r\u00e2t c\u0103 \u00een eseu nu m\u0103 mai simt suficient de&nbsp;liber\u0103. Scris \u00een cinci zile, VORTEX trateaz\u0103 ideea de umbr\u0103 \u0219i modul \u00een care po\u021bi&nbsp;lucra cu ea \u00een beneficiul t\u0103u, \u00eemplinindu-\u021bi rostul vie\u021bii. Indiferent cum arat\u0103&nbsp;acesta, drumul p\u00e2n\u0103 acolo este analizat \u00een detaliu, dar concentrat, cu puternice&nbsp;accente psihologice. Vertijul nu poate fi oprit niciodat\u0103. Odat\u0103 intrate \u00een c\u00e2mpul&nbsp;lui, personajele nu au alt\u0103 variant\u0103 dec\u00e2t s\u0103-\u0219i urmeze destinul&#8230;<\/p>\n\n\n\n<h1 class=\"wp-block-heading\">&nbsp;<\/h1>\n\n\n\n<p><\/p>\n\n\n\n<p><\/p>\n\n\n\n<h1 class=\"wp-block-heading\">&nbsp;<\/h1>\n\n\n<h1 class=\"wp-block-heading\">&nbsp;<\/h1>\n\n\n<div class=\"wp-block-image\">\n<figure class=\"alignleft\"><a href=\"https:\/\/suzanmehmet.ro\/wp-content\/uploads\/2013\/06\/les_maux_au_coeur.jpg\"><img loading=\"lazy\" decoding=\"async\" width=\"207\" height=\"300\" src=\"https:\/\/suzanmehmet.ro\/wp-content\/uploads\/2013\/06\/les_maux_au_coeur-207x300.jpg\" alt=\"Les maux au coeur, traducere, 2007\" class=\"wp-image-76\" srcset=\"https:\/\/suzanmehmet.ro\/wp-content\/uploads\/2013\/06\/les_maux_au_coeur-207x300.jpg 207w, https:\/\/suzanmehmet.ro\/wp-content\/uploads\/2013\/06\/les_maux_au_coeur-707x1024.jpg 707w, https:\/\/suzanmehmet.ro\/wp-content\/uploads\/2013\/06\/les_maux_au_coeur.jpg 1476w\" sizes=\"auto, (max-width: 207px) 100vw, 207px\" \/><\/a><figcaption class=\"wp-element-caption\">Les maux au coeur, traducere, 2006<\/figcaption><\/figure><\/div>\n\n\n<h1 class=\"wp-block-heading has-text-align-center\">&nbsp;LES MAUX AU COEUR<\/h1>\n\n\n\n<h1 class=\"wp-block-heading has-text-align-center\">(DURERILE LA INIM\u0102)<\/h1>\n\n\n\n<p class=\"has-text-align-center\"><strong>(2006)<\/strong><\/p>\n\n\n\n<p>Volumul con\u021bine c\u00e2teva texte selectate din volumele anterioare, traduse \u00een&nbsp;limba francez\u0103 de prof. Angela Bara, \u00eempreun\u0103 cu Alain Drignon, psihanalist.<\/p>\n\n\n\n<p>Dup\u0103 traducerea minimal\u0103 a unor texte, lecturate ulterior \u00een cadrul unei&nbsp;\u00eent\u00eelniri cu cititorii pe care am avut-o la Rodez, \u00een sala de conferin\u021be a Libr\u0103riei&nbsp;Fil d\u2019 Ariane, editorul \u0219i fondatorul editurii, Georges Melloul, a hot\u0103r\u00e2t s\u0103&nbsp;tip\u0103reasc\u0103 un volum lucrat cu profesioni\u0219ti.<\/p>\n\n\n\n<p>Un an mai t\u00e2rziu, LES MAUX AU COEUR a ap\u0103rut, \u00een 2000 de exemplare, la&nbsp;Editura Fil d\u2019 Ariane din Rodez, fiind lansat \u00een Rom\u00e2nia, la Bucure\u0219ti, \u00een cadrul&nbsp;Zilelor Francofoniei. Oportunitate pentru care \u00eei mul\u021bumesc, desigur, editorului&nbsp;\u0219i prietenului meu, Georges Melloul.<\/p>\n\n\n\n<p><\/p>\n\n\n\n<p><\/p>\n\n\n\n<h1 class=\"wp-block-heading\">&nbsp;<\/h1>\n\n\n<div class=\"wp-block-image\">\n<figure class=\"alignleft\"><a href=\"https:\/\/suzanmehmet.ro\/wp-content\/uploads\/2013\/06\/sau_nu.jpg\"><img loading=\"lazy\" decoding=\"async\" width=\"200\" height=\"300\" src=\"https:\/\/suzanmehmet.ro\/wp-content\/uploads\/2013\/06\/sau_nu-200x300.jpg\" alt=\"Sau nu, 2001\" class=\"wp-image-77\" srcset=\"https:\/\/suzanmehmet.ro\/wp-content\/uploads\/2013\/06\/sau_nu-200x300.jpg 200w, https:\/\/suzanmehmet.ro\/wp-content\/uploads\/2013\/06\/sau_nu-683x1024.jpg 683w, https:\/\/suzanmehmet.ro\/wp-content\/uploads\/2013\/06\/sau_nu.jpg 767w\" sizes=\"auto, (max-width: 200px) 100vw, 200px\" \/><\/a><figcaption class=\"wp-element-caption\">Sau nu, 2001<\/figcaption><\/figure><\/div>\n\n\n<p><\/p>\n\n\n\n<h1 class=\"wp-block-heading has-text-align-center\">&nbsp;SAU NU<\/h1>\n\n\n\n<p class=\"has-text-align-center\"><strong>&nbsp;(2001)<\/strong><\/p>\n\n\n\n<p>Acest volum de aforisme \u0219i cuget\u0103ri are, dup\u0103 p\u0103rerea mea, o calitate&nbsp;esen\u021bial\u0103: te pune s\u0103 alegi formula optim\u0103 \u00een care dore\u0219ti s\u0103 te prezin\u021bi&nbsp;con\u0219tiin\u021bei tale. Tu, fa\u021b\u0103 \u00een fa\u021b\u0103 cu tine \u00eensu\u021bi&#8230; o postur\u0103 \u00een care e greu s\u0103 min\u021bi,&nbsp;s\u0103 furi, s\u0103 ucizi, s\u0103 r\u00e2vne\u0219ti&#8230; la con\u0219tiin\u021ba altuia.<\/p>\n\n\n\n<p><\/p>\n\n\n\n<p><\/p>\n\n\n\n<p><\/p>\n\n\n\n<p><\/p>\n\n\n\n<h1 class=\"wp-block-heading\">&nbsp;<\/h1>\n\n\n<h1 class=\"wp-block-heading\">&nbsp;<\/h1>\n\n\n<h1 class=\"wp-block-heading\">&nbsp;<\/h1>\n\n\n<h1 class=\"wp-block-heading\">&nbsp;<\/h1>\n\n\n<div class=\"wp-block-image\">\n<figure class=\"alignleft\"><a href=\"https:\/\/suzanmehmet.ro\/wp-content\/uploads\/2013\/06\/Eul_dement.jpg\"><img loading=\"lazy\" decoding=\"async\" width=\"198\" height=\"300\" src=\"https:\/\/suzanmehmet.ro\/wp-content\/uploads\/2013\/06\/Eul_dement-198x300.jpg\" alt=\"Eul dement, 2000\" class=\"wp-image-75\" srcset=\"https:\/\/suzanmehmet.ro\/wp-content\/uploads\/2013\/06\/Eul_dement-198x300.jpg 198w, https:\/\/suzanmehmet.ro\/wp-content\/uploads\/2013\/06\/Eul_dement.jpg 625w\" sizes=\"auto, (max-width: 198px) 100vw, 198px\" \/><\/a><figcaption class=\"wp-element-caption\">Eul dement, 2000<\/figcaption><\/figure><\/div>\n\n\n<h1 class=\"wp-block-heading\">&nbsp;<\/h1>\n\n\n\n<h1 class=\"wp-block-heading has-text-align-center\">EUL DEMENT<\/h1>\n\n\n\n<p class=\"has-text-align-center\"><strong>&nbsp;(2000)<\/strong><\/p>\n\n\n\n<p>Inspirat de \u201e\u00censemn\u0103ri din subteran\u0103\u201d a lui Dostoievski, considerat\u0103, de-altfel,&nbsp;una dintre cele mai valoroase c\u0103r\u021bi ale sale, EUL DEMENT urmeaz\u0103 aceea\u0219i cale&nbsp;a existen\u021bialismului exacerbat, dezv\u0103luind fe\u021be mai pu\u021bin agreabile ale fiin\u021bei&nbsp;umane. Un adev\u0103r care nu ne prea place, dar care ne urmeaz\u0103 de c\u00e2nd lumea.<\/p>\n\n\n\n<p><\/p>\n\n\n\n<p><\/p>\n\n\n\n<p><\/p>\n\n\n<h1 class=\"wp-block-heading\">&nbsp;<\/h1>\n\n\n<h1 class=\"wp-block-heading\">&nbsp;<\/h1>\n\n\n<h1 class=\"wp-block-heading\">&nbsp;<\/h1>\n\n\n<div class=\"wp-block-image\">\n<figure class=\"alignleft\"><a href=\"https:\/\/suzanmehmet.ro\/wp-content\/uploads\/2013\/06\/ieri_bisect.jpg\"><img loading=\"lazy\" decoding=\"async\" width=\"197\" height=\"300\" src=\"https:\/\/suzanmehmet.ro\/wp-content\/uploads\/2013\/06\/ieri_bisect-197x300.jpg\" alt=\"Ieri bisect, 1999\" class=\"wp-image-74\" srcset=\"https:\/\/suzanmehmet.ro\/wp-content\/uploads\/2013\/06\/ieri_bisect-197x300.jpg 197w, https:\/\/suzanmehmet.ro\/wp-content\/uploads\/2013\/06\/ieri_bisect-673x1024.jpg 673w, https:\/\/suzanmehmet.ro\/wp-content\/uploads\/2013\/06\/ieri_bisect.jpg 1500w\" sizes=\"auto, (max-width: 197px) 100vw, 197px\" \/><\/a><figcaption class=\"wp-element-caption\">Ieri bisect, 1999<\/figcaption><\/figure><\/div>\n\n\n<p><\/p>\n\n\n\n<p><\/p>\n\n\n\n<h1 class=\"wp-block-heading has-text-align-center\">IERI BISECT<\/h1>\n\n\n\n<p class=\"has-text-align-center\"><strong>&nbsp;(1999)<\/strong><\/p>\n\n\n\n<p>Ce po\u021bi s\u0103 spui lumii dup\u0103 ce deduci c\u0103 pl\u0103cerea de-a tr\u0103i \u021bi-a prelungit \u0219i&nbsp;zilele \u0219i nop\u021bile cu sim\u021buri \u00een exces \u0219i multe g\u00e2nduri? Ale tale \u0219i ale altora,&nbsp;g\u00e2nduri seduse p\u00e2n\u0103 la ultima lor frontier\u0103 cu patima \u00eenceputului fiin\u021bei. Eu, tu,&nbsp;al\u021bii &#8211; liant \u00eentr-o memorie exterioar\u0103 inepuizabil\u0103&#8230;<\/p>\n\n\n\n<p><\/p>\n\n\n\n<p><\/p>\n\n\n\n<p><\/p>\n\n\n\n<p><\/p>\n\n\n<h1 class=\"wp-block-heading\">&nbsp;<\/h1>\n\n\n<h1 class=\"wp-block-heading\">&nbsp;<\/h1>\n\n\n<h1 class=\"wp-block-heading\">&nbsp;<\/h1>\n\n\n<h1 class=\"wp-block-heading\">&nbsp;<\/h1>\n\n\n<div class=\"wp-block-image\">\n<figure class=\"alignleft\"><a href=\"https:\/\/suzanmehmet.ro\/wp-content\/uploads\/2013\/06\/Suzan-Mehmet-Capital-de-toleranta-c.jpg\"><img loading=\"lazy\" decoding=\"async\" width=\"198\" height=\"300\" src=\"https:\/\/suzanmehmet.ro\/wp-content\/uploads\/2013\/06\/Suzan-Mehmet-Capital-de-toleranta-c-198x300.jpg\" alt=\"Capital de toleranta, 1998\" class=\"wp-image-72\" srcset=\"https:\/\/suzanmehmet.ro\/wp-content\/uploads\/2013\/06\/Suzan-Mehmet-Capital-de-toleranta-c-198x300.jpg 198w, https:\/\/suzanmehmet.ro\/wp-content\/uploads\/2013\/06\/Suzan-Mehmet-Capital-de-toleranta-c-675x1024.jpg 675w, https:\/\/suzanmehmet.ro\/wp-content\/uploads\/2013\/06\/Suzan-Mehmet-Capital-de-toleranta-c.jpg 1584w\" sizes=\"auto, (max-width: 198px) 100vw, 198px\" \/><\/a><figcaption class=\"wp-element-caption\">Capital de toleranta, 1998<\/figcaption><\/figure><\/div>\n\n\n<h1 class=\"wp-block-heading has-text-align-center\">&nbsp;<strong>CAPITAL DE TOLERAN\u021a\u0102<\/strong><\/h1>\n\n\n\n<p class=\"has-text-align-center\"><strong>(1998)<\/strong><\/p>\n\n\n\n<p>Prima carte nu se uit\u0103 niciodat\u0103&#8230; Debut, \u00eencredere deplin\u0103 \u00een vrerea de-a&nbsp;scrie, g\u00e2nduri abia \u00eencepute, adolescen\u021b\u0103 t\u00e2rzie. Peste toate, un titlu care at\u00e2t&nbsp;c\u00e2t d\u0103, tot at\u00e2t \u0219i cere. Echitabil.<\/p>\n\n\n\n<p>CAPITAL DE TOLERAN\u021a\u0102 este un fel de jurnal eseistic care stilizeaz\u0103 sim\u021buri \u00een&nbsp;cuvinte. \u00ce\u021bi place sau nu. Alt\u0103 cale nu exist\u0103. Vorbirea ei, a c\u0103r\u021bii, este despre&nbsp;orice, cu emo\u021bia neprelucrat\u0103 a \u00eenceputurilor. \u0218i un pic de sfad\u0103 cu Dumnezeu,&nbsp;pentru c\u0103 a-L c\u0103uta, oricum ai face-o, este tot un fel de-a crede.<\/p>\n\n\n<h1 class=\"wp-block-heading\">&nbsp;<\/h1>\n","protected":false},"excerpt":{"rendered":"<p>&nbsp; Conversa\u021bii cu mintea mea (2023) Am scris aceste seturi de \u00eentreb\u0103ri de introspec\u021bie, autocunoa\u0219tere \u0219i autoreglare g\u00e2ndindu-m\u0103 la cei care au nevoie de ele. Se poate ca cineva s\u0103 nu aib\u0103 acces sau s\u0103 nu-\u0219i fi g\u0103sit \u00eenc\u0103 terapeutul potrivit, se poate s\u0103 nu se fi g\u00e2ndit c\u0103 are nevoie de unul care s\u0103-l [&hellip;]<\/p>\n","protected":false},"author":2,"featured_media":107,"parent":0,"menu_order":0,"comment_status":"open","ping_status":"open","template":"","meta":{"footnotes":""},"class_list":["post-7","page","type-page","status-publish","has-post-thumbnail","czr-hentry"],"_links":{"self":[{"href":"https:\/\/suzanmehmet.ro\/index.php?rest_route=\/wp\/v2\/pages\/7","targetHints":{"allow":["GET"]}}],"collection":[{"href":"https:\/\/suzanmehmet.ro\/index.php?rest_route=\/wp\/v2\/pages"}],"about":[{"href":"https:\/\/suzanmehmet.ro\/index.php?rest_route=\/wp\/v2\/types\/page"}],"author":[{"embeddable":true,"href":"https:\/\/suzanmehmet.ro\/index.php?rest_route=\/wp\/v2\/users\/2"}],"replies":[{"embeddable":true,"href":"https:\/\/suzanmehmet.ro\/index.php?rest_route=%2Fwp%2Fv2%2Fcomments&post=7"}],"version-history":[{"count":41,"href":"https:\/\/suzanmehmet.ro\/index.php?rest_route=\/wp\/v2\/pages\/7\/revisions"}],"predecessor-version":[{"id":2111,"href":"https:\/\/suzanmehmet.ro\/index.php?rest_route=\/wp\/v2\/pages\/7\/revisions\/2111"}],"wp:featuredmedia":[{"embeddable":true,"href":"https:\/\/suzanmehmet.ro\/index.php?rest_route=\/wp\/v2\/media\/107"}],"wp:attachment":[{"href":"https:\/\/suzanmehmet.ro\/index.php?rest_route=%2Fwp%2Fv2%2Fmedia&parent=7"}],"curies":[{"name":"wp","href":"https:\/\/api.w.org\/{rel}","templated":true}]}}