{"id":2,"date":"2013-04-29T19:13:58","date_gmt":"2013-04-29T19:13:58","guid":{"rendered":"https:\/\/suzanmehmet.ro\/?page_id=2"},"modified":"2013-06-10T16:26:36","modified_gmt":"2013-06-10T16:26:36","slug":"suzan_mehmet","status":"publish","type":"page","link":"https:\/\/suzanmehmet.ro\/?page_id=2","title":{"rendered":"Despre autor"},"content":{"rendered":"<div id=\"attachment_19\" style=\"width: 310px\" class=\"wp-caption alignleft\"><a href=\"https:\/\/suzanmehmet.ro\/wp-content\/uploads\/2013\/04\/IMG_6550.jpg\"><img loading=\"lazy\" decoding=\"async\" aria-describedby=\"caption-attachment-19\" class=\"size-medium wp-image-19  \" alt=\"Inaugurarea filialei ICR Tulcea.\" src=\"https:\/\/suzanmehmet.ro\/wp-content\/uploads\/2013\/04\/IMG_6550-300x239.jpg\" width=\"300\" height=\"239\" \/><\/a><p id=\"caption-attachment-19\" class=\"wp-caption-text\">Suzan Mehmet<\/p><\/div>\n<p style=\"text-align: justify;\">A o invita pe Suzan Mehmet s\u0103 vorbeasc\u0103 despre sine e ca \u0219i cum ai avea inedita idee de a face un leu s\u0103-\u0219i p\u0103r\u0103seasc\u0103 habitatul momindu-l cu bomboane, a\u0219tept\u00e2ndu-te sa o fac\u0103 u\u0219or u\u0219or \u0219i bucuros.<\/p>\n<p style=\"text-align: justify;\">C\u00e2nd, \u00een sf\u00e2r\u0219it, crezi ca ai reu\u0219it, descoperi c\u00e2t de scump\u0103 e la vorb\u0103, cump\u0103nind cu aten\u021bie cuvintele, eliber\u00e2ndu-le de detalii &#8220;istorice&#8221;, transmi\u021b\u00e2nd doar emotie. Iata dovada:<\/p>\n<blockquote><p>BIOGRAFIA PERSONAL\u0102<\/p>\n<p>&nbsp;<\/p>\n<p>Nu prea \u0219tii ce s\u0103 spui c\u00e2nd vorbe\u0219ti despre \u201ebiografia personal\u0103\u201d&#8230; Sunt multe de zis sau mai nimic, g\u00e2ndindu-te c\u0103 pentru fiecare via\u021ba, \u0219i derularea ei cursiv\u0103, \u00eenseamn\u0103 primul cuv\u00e2nt, oricare ar fi fost el, \u00eent\u00e2iul pas \u0219i felul \u00een care-l ape\u0219i merg\u00e2nd spre oriunde, \u00eenseamn\u0103 zv\u00e2c, s\u00e2nge repede, iluzii, sim\u021buri sau ra\u021biune pur\u0103, \u00eenseamn\u0103 colbul de pe strada bunicii, \u00eenseamn\u0103 tres\u0103riri \u0219i chiar prima iubire, senza\u021bii nemai\u00eent\u00e2lnite, g\u00e2nduri f\u0103r\u0103 noim\u0103 \u0219i apoi idei, \u00eenseamn\u0103 s\u0103 iube\u0219ti oamenii cu furie, s\u0103-i placi p\u00e2n\u0103-\u021bi d\u0103 s\u00e2ngele pe nas, dup\u0103 care s\u0103-i ui\u021bi pur \u0219i simplu, ca s\u0103 poat\u0103 respira de tine \u0219i ca s\u0103 existe dincolo de concept \u0219i de specie, \u00eenseamn\u0103 s\u0103 te arunci p\u00e2n\u0103 la marginea min\u021bii \u0219i s\u0103 te faci praf, cu patim\u0103 \u0219i cu nebunie chiar, \u00eenseamn\u0103 s\u0103 fii uluit de magia din tine, s\u0103 ai drag de toate \u0219i s\u0103 te deta\u0219ezi de ele ca s\u0103 le po\u021bi vedea&#8230;\u00eenseamn\u0103 s\u0103 tr\u0103ie\u0219ti simplu, gust\u00e2nd tot&#8230;<\/p>\n<p>&nbsp;<\/p>\n<p>Biografia nu e niciodat\u0103 at\u00e2t de \u201epersonal\u0103\u201d cum pare. E\u0219ti ce-ai primit \u0219i ce-ai refuzat, ce-ai filtrat prin tine \u0219i ce crezi c-ai aruncat, ce-ai sim\u021bit \u0219i-ai nesim\u021bit, e\u0219ti chiar \u0219i umbra de care fugi, c\u0103ci \u0219i fuga e un fel al t\u0103u de-a fi&#8230;<\/p>\n<p>&nbsp;<\/p>\n<p>Cred c\u0103 \u201epersonal\u201d \u00eentr-un tot at\u00e2t de amplu, complet \u0219i-n continu\u0103 derulare \u0219i expansiune nu face parte din modul \u00een care v\u0103d eu lucrurile. Mereu zic c\u0103 suntem \u00een plin\u0103 Crea\u021bie \u0219i c\u0103 totul e perfect a\u0219a cum este, chiar dac\u0103 nu \u00een\u021belegem tot timpul de ce e chiar a\u0219a.<\/p>\n<p>C\u00e2nd vine vremea, pricepem \u0219i ne lini\u0219tim.\u00a0<i>\u201e\u0218tiu c\u0103 nu \u0219tiu nimic\u201d,\u00a0<\/i>\u0219i ce bine-i&#8230;<\/p><\/blockquote>\n<p style=\"text-align: justify;\">&#8230;iar despre viata profesionala:<\/p>\n<blockquote><p>Ni\u0219te \u0219coal\u0103, ca toat\u0103 lumea, 15 ani sport de performan\u021b\u0103, cursuri universitare \u0219i un curs de formare \u0219i dezvoltare personal\u0103 la Asocia\u021bia Rom\u00e2n\u0103 de Psihoterapie Integrativ\u0103, ca s\u0103-mi des\u0103v\u00e2r\u0219esc preg\u0103tirea de psiholog. Evident, asta nu se termin\u0103 niciodat\u0103.<\/p>\n<p>&nbsp;<\/p>\n<p>Alte detalii nu cred c\u0103 sunt interesante.<\/p>\n<p>&nbsp;<\/p>\n<p>Ce fac azi?&#8230;Lucrez la ziarul pe care l-am f\u0103cut acum 12 ani \u00eempreun\u0103 cu colegii mei, ini\u021biez \u0219i derulez proiecte pentru ICR, Filiala Tulcea, scriu din c\u00e2nd \u00een c\u00e2nd, mai scot c\u00e2te un volum, cultiv \u0219i \u00eentre\u021bin prietenii cu to\u021bi oamenii care \u00ee\u0219i doresc s\u0103 leg\u0103m cuvinte \u0219i \u00eent\u00e2mpl\u0103ri, \u0219i-n general m\u0103 preocup de mine \u0219i de mintea mea.<\/p>\n<p>&nbsp;<\/p>\n<p>\u00cemi place ideea de-a scrie scenarii de film \u0219i ador teatrul cu asupra de m\u0103sur\u0103, a\u0219a c\u0103 \u00een viitor o s\u0103 abordez, probabil, \u0219i aceste capitole. Nu \u0219tiu c\u00e2nd \u0219i nici nu prea conteaz\u0103, pentru c\u0103 toate au vremea lor, dac\u0103 au&#8230;<\/p><\/blockquote>\n","protected":false},"excerpt":{"rendered":"<p>A o invita pe Suzan Mehmet s\u0103 vorbeasc\u0103 despre sine e ca \u0219i cum ai avea inedita idee de a face un leu s\u0103-\u0219i p\u0103r\u0103seasc\u0103 habitatul momindu-l cu bomboane, a\u0219tept\u00e2ndu-te sa o fac\u0103 u\u0219or u\u0219or \u0219i bucuros. C\u00e2nd, \u00een sf\u00e2r\u0219it, crezi ca ai reu\u0219it, descoperi c\u00e2t de scump\u0103 e la vorb\u0103, cump\u0103nind cu aten\u021bie cuvintele, [&hellip;]<\/p>\n","protected":false},"author":2,"featured_media":21,"parent":0,"menu_order":0,"comment_status":"open","ping_status":"open","template":"","meta":{"footnotes":""},"class_list":["post-2","page","type-page","status-publish","has-post-thumbnail","czr-hentry"],"_links":{"self":[{"href":"https:\/\/suzanmehmet.ro\/index.php?rest_route=\/wp\/v2\/pages\/2","targetHints":{"allow":["GET"]}}],"collection":[{"href":"https:\/\/suzanmehmet.ro\/index.php?rest_route=\/wp\/v2\/pages"}],"about":[{"href":"https:\/\/suzanmehmet.ro\/index.php?rest_route=\/wp\/v2\/types\/page"}],"author":[{"embeddable":true,"href":"https:\/\/suzanmehmet.ro\/index.php?rest_route=\/wp\/v2\/users\/2"}],"replies":[{"embeddable":true,"href":"https:\/\/suzanmehmet.ro\/index.php?rest_route=%2Fwp%2Fv2%2Fcomments&post=2"}],"version-history":[{"count":8,"href":"https:\/\/suzanmehmet.ro\/index.php?rest_route=\/wp\/v2\/pages\/2\/revisions"}],"predecessor-version":[{"id":4,"href":"https:\/\/suzanmehmet.ro\/index.php?rest_route=\/wp\/v2\/pages\/2\/revisions\/4"}],"wp:featuredmedia":[{"embeddable":true,"href":"https:\/\/suzanmehmet.ro\/index.php?rest_route=\/wp\/v2\/media\/21"}],"wp:attachment":[{"href":"https:\/\/suzanmehmet.ro\/index.php?rest_route=%2Fwp%2Fv2%2Fmedia&parent=2"}],"curies":[{"name":"wp","href":"https:\/\/api.w.org\/{rel}","templated":true}]}}